 0)) + (257 - 273)
-34
(-5 - (1 - 0)) + (-19 - -36)
11
Evaluate -1 + 10 + 24 + -44.
-11
What is 3 + -3 - (-13 - -3 - -4)?
6
What is the value of (2 - -3) + (1 - (7 + -1) - -1)?
1
Evaluate -1 + 5 - (7 + (-31 - -4) + 36).
-12
What is 9 + (7 - 3 - 3 - 2) + 3?
11
What is (1 - (9 - 4)) + 2 + 7?
5
What is the value of 17 + (7 - ((14 - -3) + 0))?
7
Calculate -8 + -1 + 445 + -458.
-22
Calculate -107 - -99 - (15 - (-6 + 3)).
-26
Evaluate -8 + 17 - (7 - 0 - -4) - 8.
-10
What is the value of 21 - (-2 - (-11 + 8 + -8))?
12
What is the value of 28 + -21 + -3 + 4 + (-1 - 5)?
2
What is -2 + -31 - (17 + -36)?
-14
Evaluate -2 + -14 + 1 - (758 + -773).
0
What is 21 - 4 - (28 - 23)?
12
Evaluate (6 - 4) + -27 + -1 - (2 - 10).
-18
What is the value of 18 + -13 + (-1 + 3 - 2 - 3)?
2
4 + -30 - (-2 - -1)
-25
(-3 + 1 - (-36 - -18)) + -5 + -2
9
What is the value of (-4 + -7 - (-33 + 18)) + (0 - -5)?
9
What is 9 - (-6 - (-6 + 6) - 9)?
24
What is the value of -1 + 5 + 3 + -1 - (-3 + 1)?
8
What is (19 - 0) + (-193 - -184)?
10
-3 + (1 + 5 - 9)
-6
-13 + (14 + -33 - -30)
-2
(2 + 12 - 9) + -7 - -6
4
(-4 + -24 - -36) + -1 + 2
9
What is the value of 16 + -6 + (2 - (-8 - (2 - 10)))?
12
(-10 - 5 - -3) + 5 - -11
4
Evaluate -14 + (16 - 5) - -6.
3
Evaluate -7 - (1 - (-17 + 10)) - -15.
0
Calculate 9 + 1 + (7 - (-11 + -4 + 26)).
6
Evaluate (-4 - 4) + (-12 - -18) + -14.
-16
(-33 - -60) + -27 + -24
-24
Evaluate 24 + (11 - 21) + -35.
-21
Evaluate (-3 - (9 + 5 + -25)) + (-5 - 1).
2
What is the value of (-6 - -30) + (-5 - 37)?
-18
9 + (-2 - (2 - (7 - 8)))
4
What is (6 - 12) + 10 + (-6 - -7) - 8?
-3
Evaluate (3 + -2 - 8) + -21 + (-26 - -68).
14
Evaluate -9 + (12 - (-8 - -19)).
-8
Evaluate 3 + -18 + (12 - (0 - -12)).
-15
Evaluate (-9 - ((5 + -2 - 7) + -2)) + 3.
0
Evaluate -11 + (-9 - (-39 + (-3 - -8))).
14
Evaluate -4 + (-1 + (2 - -1 - 1) - 5).
-8
Evaluate 2 + -3 + 9 - (0 + -3).
11
What is the value of -15 - (-21 - -1) - -7?
12
-7 + 3 + 23 + -6 + -2
11
What is the value of -35 + 25 + 2 + 3?
-5
What is -9 - ((-8 - -1 - 0) + 13)?
-15
Calculate -27 - (-9 + 1 - (-192 + 197)).
-14
Evaluate -23 - -38 - (17 - 0).
-2
(29 - 32) + (3 - (-10 + (-1 - 3)))
14
(13 - 8) + 0 + 26 + (-14 - 2)
15
(0 - (-1 - 5)) + (8 - (-14 - -13))
15
What is the value of -6 + 3 - (11 - 1)?
-13
Calculate -7 - (-5 + 0 + 12) - -26.
12
12 - 7 - (1 - -3)
1
What is -704 - -668 - (2 + -49)?
11
129 + -103 - (-2 - -7)
21
What is the value of 10 + -17 + (-9 - (-11 + -11))?
6
What is the value of -18 - (-39 + 58) - -44?
7
What is -16 + 10 + -13 - -7?
-12
What is the value of -25 - (11 + -2 - 16)?
-18
What is the value of -3 + (-2 - (0 + (-8 - -6)))?
-3
What is 2 + -3 + 0 - (-15 + 20)?
-6
What is -7 - (1 + 3) - (-54 - -15)?
28
What is the value of 6 + -2 - (-2 + 11 - (6 - 2))?
-1
What is the value of (-9 - -4) + 1 + 1 + 9?
6
What is the value of -5 - (3 - -3 - -6) - -4?
-13
What is 2 - (2 - 7) - -1 - (-146 - -135)?
19
Calculate 7 + -11 + -1 - (-15 + 11).
-1
(-47 + 48 - (1 + 11)) + 4
-7
Calculate -6 - -5 - -15 - (-17 - -27).
4
What is -25 + 30 + (0 - -3) + -11?
-3
What is the value of -3 - -10 - (5 + -16 + 11)?
7
What is the value of 8 + -18 + 10 + 19?
19
What is -28 - -52 - (-3 + 9)?
18
Calculate (-38 - (-4 + -8)) + -3 + 7 + -5.
-27
(49 - 10) + -16 + -6 + (1 - 2)
16
Evaluate 18 + -15 - -15 - 13.
5
What is the value of -10 + 10 - (-5 - (-16 - 0))?
-11
What is -12 - (-21 + -34 + 35)?
8
What is 36 + (-34 - (25 - 39))?
16
What is -4 + 15 + (-7 - -1)?
5
Evaluate (-27 + (12 - -7) - -25) + -52.
-35
Evaluate 1 - -4 - ((-1 - 20) + 19).
7
What is 1 - (5 + -5 + -2) - (-4 - -4)?
3
What is (-20 - (12 + (-14 - 13))) + -21?
-26
Evaluate -13 + -12 + 12 + (-17 - -5).
-25
Calculate -2 - 2 - (-14 - 7 - (-18 + 7)).
6
Calculate -80 + 91 + -9 + -5.
-3
What is the value of (5 + -18 - -1) + -20 + 20?
-12
9 + -5 + (-6 + 0 - (6 + -3))
-5
What is -13 - (15 - (4 + -2) - (71 - 64))?
-19
Calculate (4 - -2) + (139 - 142 - (1 + -1)).
3
(-38 - -36) + 29 + -11
16
What is the value of (1 + -2 - 10) + -1389 + 1381?
-19
Evaluate (-6 - -4 - (-16 + -19)) + 0 - 4.
29
(-39 - 1 - -33) + -19
-26
-31 + (22 - -6) - 2
-5
Evaluate 18 - (-7 + -1 + 18).
8
Calculate 6 - (-6 + 3 + -17 + 55).
-29
Calculate 4 + -3 + -5 - (-7 - (10 + -5)).
8
What is (-1 - -1) + -21 + 7 + 8 + -4?
-10
What is the value of 6 + 6 + 4 + (-8 - -6) + -6?
8
What is -3 + 6 - ((3 - -1) + 13 - 3)?
-11
Evaluate 116 - 130 - (1 - 10).
-5
5 - (-1 + 3) - 17
-14
Evaluate 11 - (-12 + 2 + (-83 - -69)).
35
Calculate 7 - (20 - (3 - (0 + -5)) - -2).
-7
Evaluate -314 - -289 - (-12 - 1).
-12
What is the value of 10 - 1 - (23 - 13 - 17) - -1?
17
16 - (19 + (-16 + 27 - 16))
2
What is the value of (-4 - -1) + 134 + -127 - (2 - -4)?
-2
What is 2 + -6 - (-73 - -77)?
-8
Evaluate 16 + 0 + 3 + (-1 - -10 - 13).
15
What is -33 + 3 + 0 + -32 + 30?
-32
What is the value of 0 + 4 + -1 + 11 - 7 - -2?
9
Evaluate 1 + 2 + 7 - (-42 - -127 - 60).
-15
Evaluate 1 + -21 + -2 + 3 - -1.
-18
Evaluate 176 + -218 - (-6 + (-1 - 0) + -3).
-32
(-5 - -1) + 69 + -62
3
Evaluate 41 - (15 - -1 - (121 - 112)).
34
What is -3 - ((-1 - (8 + 6)) + 5)?
7
What is -8 - (-7 - (1 + -2 + 4))?
2
(0 - 5) + -2 - (486 + -499)
6
What is the value of 9 - 11 - 4 - (-22 - 2)?
18
Calculate -23 + (3 - 4 - (4 - (-1 - -7))).
-22
What is the value of 4 - ((3 - (14 + -4)) + 3 - -3)?
5
Calculate (142 - 146) + (1 - (8 - 2)).
-9
Calculate -1 - (20 - 32 - -4 - (-21 - 1)).
-15
Calculate 22 + -4 + -3 + -4 + (1 - -7).
19
What is the value of 0 - (-5 + 10 - 2)?
-3
8 - (3 + 8 + -4)
1
(13 - 2) + (0 - 20) + -7
-16
-8 - ((-2 - -3) + -3 - (-3 + 5))
-4
5 + -16 + (51 - 26)
14
Evaluate 10 + -6 + (1 - -7) - 25.
-13
What is -13 + (8 - 3) + 1 - (-7 + -7)?
7
What is the value of -19 + -1 + -165 + 174?
-11
What is the value of 1 + 4 - 4 - (-59 + 54)?
6
21 - 24 - (2 + -9) - 3
1
-2 - 9 - -23 - 4 - -2
10
-22 + 46 + (-58 - -31)
-3
What is the value of -2 + (-1 - -11) - (-16 - (4 - -9))?
37
(-233 - -254) + -12 + -2
7
Evaluate (1 - -4 - 1) + (14 - (-12 + 26)).
4
What is the value of -21 + 9 + (-5 - -20)?
3
Evaluate -13 + -13 + 36 + 1.
11
(126 - 124 - (1 + -6)) + -28
-21
-3 + -10 + 2 + (14 + 4 - 20)
-13
What is the value of 32 + 0 - (-29 + 122 + -87)?
26
Evaluate 0 + (19 - -11) + -10.
20
What is the value of 120 - 122 - (-12 - 2)?
12
What is the value of -13 - (45 + -18 - 50) - (2 + -1)?
9
Evaluate 0 + (1 + -7 + 8 - (1 + -2)).
3
Evaluate 17 - 29 - -4 - -20.
12
Evaluate (0 - -1 - (2 + 1 - 7)) + -15.
-10
Evaluate 536 + -562 - (-3 + 1).
-24
Evaluate 14 - (-8 - -4 - (7 - 17)).
8
Evaluate 9 + (2 - 10) + -6 - -2.
-3
Evaluate 14 + -10 - ((9 - (6 - -1)) + -2).
4
Evaluate -4 - (-5 + 2 - (1 + -21 + 16)).
-5
Calculate (-33 - -73) + -17 + (1 - -2).
26
What is the value of -13 - (1 + 10) - -14?
-10
Calculate -55 - -2 - (-37 + 17).
-33
Calculate 8 - (-8 - (0 - 14) - 6).
8
Calculate 10 - (19 - -3) - -19.
7
Evaluate -7 - (3 + (-1 - 13) - -32).
-28
-11 + 8 + 1 - ((8 - -1) + -32)
21
What is 2 - (4 - (5 + 5 - 1))?
7
What is 605 + -619 + -2 + 1 + (7 - -4)?
-4
What is -21 + 30 + -8 + (9 - 0)?
10
Calculate 2 - (-13 - 3) - (-29 + 20 + 12).
15
Calculate -1 + -7 + 0 - 1.
-9
Evaluate (4 - 1) + -4 + -6 - -15 - 21.
-13
Evaluate -69 + 87 + (-1 - -15).
32
What is the value of (-3 - (-3 - 2) - 17) + 31?
16
Calculate 16 - ((-11 + -2 - (2 + -12)) + -4).
23
-3 + (4 - 0) + 22 + (-27 - -22)
18
Evaluate (3 - -3) + (-1 - 4) + -1 - 2.
-2
Evaluate 5 + 1 - (10 + -13 + 1 + -7).
15
Calculate -15 - (-7 + -23 + 16).
-1
Evaluate 8 + (7 - 2 - 4) + -8 + 17.
18
Calculate -3 - (14 - (4 - 14 - (0 + -8))).
-19
Evaluate 4 + -6 + 10 - (-5 - (-4 - 19)).
-10
Calculate (18 - 11 - (1 + -7)) + -3.
10
What is -11 - (-10 + 2 - -10)?
-13
Calculate 59 + -30 + -1 + (2 + -3 - 4).
23
What is (-2 - -4) + (6 - (8 - -6)) + 17?
11
Evaluate -9 + (2 + -8 - (0 - 14)).
-1
-15 + (2 - 2) + (17 - (0 - -14))
-12
What is (-21 - -6) + (-25 - 7) + 13?
-34
-38 + 2 - ((-10 - -6) + -6 + 1)
-27
35 - 21 - -2 - 16
0
What is the value of 13 + 31 + -90 + 32?
-14
What is the value of -36 + 33 + 23 + 4?
24
Calculate (-3 - (-18 + 11)) + 11.
15
What is 25 + (-19 - (-2 - 5)) - -6?
19
Calculate 6 + 1 + 1 + 8 + -22.
-6
-1 + -3 - (11 + -2 - (0 - -15))
2
What is the value of -16 + (15 + -19 - -25)?
5
What is -282 + 243 + 1 + 6 - (0 - 7)?
-25
What is 4 + (-3 - -8 - 13) + 3 - -2?
1
Calculate 1 - ((4 - -3) + -6